{"id":304,"date":"2020-10-06T14:47:34","date_gmt":"2020-10-06T12:47:34","guid":{"rendered":"http:\/\/www.jpgs-schwarzenbach.de\/?page_id=304"},"modified":"2025-12-05T13:58:34","modified_gmt":"2025-12-05T12:58:34","slug":"schulleben","status":"publish","type":"page","link":"https:\/\/www.jpgs-schwarzenbach.de\/?page_id=304","title":{"rendered":"Schulleben"},"content":{"rendered":"\n<p id=\"block-b9420cac-947a-456d-aab8-73c75d8f050e\"><strong><br><\/strong><\/p>\n\n\n\n<p class=\"has-black-color has-pale-cyan-blue-background-color has-text-color has-background has-medium-font-size\"><strong>Auszeichnung Projekt &#8222;Seepferdchen&#8220; der Metropolregion N\u00fcrnberg<\/strong><\/p>\n\n\n\n<figure class=\"wp-block-image size-large\"><img loading=\"lazy\" decoding=\"async\" width=\"1024\" height=\"768\" src=\"https:\/\/www.jpgs-schwarzenbach.de\/wp-content\/uploads\/2025\/12\/2025_Schwarzenbach-1024x768.jpg\" alt=\"\" class=\"wp-image-1266\" srcset=\"https:\/\/www.jpgs-schwarzenbach.de\/wp-content\/uploads\/2025\/12\/2025_Schwarzenbach-1024x768.jpg 1024w, https:\/\/www.jpgs-schwarzenbach.de\/wp-content\/uploads\/2025\/12\/2025_Schwarzenbach-300x225.jpg 300w, https:\/\/www.jpgs-schwarzenbach.de\/wp-content\/uploads\/2025\/12\/2025_Schwarzenbach-768x576.jpg 768w, https:\/\/www.jpgs-schwarzenbach.de\/wp-content\/uploads\/2025\/12\/2025_Schwarzenbach-1536x1152.jpg 1536w, https:\/\/www.jpgs-schwarzenbach.de\/wp-content\/uploads\/2025\/12\/2025_Schwarzenbach-2048x1536.jpg 2048w, https:\/\/www.jpgs-schwarzenbach.de\/wp-content\/uploads\/2025\/12\/2025_Schwarzenbach-360x270.jpg 360w\" sizes=\"auto, (max-width: 1024px) 100vw, 1024px\" \/><\/figure>\n\n\n\n<figure class=\"wp-block-image size-full\"><img loading=\"lazy\" decoding=\"async\" width=\"468\" height=\"722\" src=\"https:\/\/www.jpgs-schwarzenbach.de\/wp-content\/uploads\/2025\/12\/Aus-der-Presse-2.jpg\" alt=\"\" class=\"wp-image-1273\" srcset=\"https:\/\/www.jpgs-schwarzenbach.de\/wp-content\/uploads\/2025\/12\/Aus-der-Presse-2.jpg 468w, https:\/\/www.jpgs-schwarzenbach.de\/wp-content\/uploads\/2025\/12\/Aus-der-Presse-2-194x300.jpg 194w, https:\/\/www.jpgs-schwarzenbach.de\/wp-content\/uploads\/2025\/12\/Aus-der-Presse-2-175x270.jpg 175w\" sizes=\"auto, (max-width: 468px) 100vw, 468px\" \/><\/figure>\n\n\n\n<div class=\"wp-block-columns is-layout-flex wp-container-core-columns-is-layout-9d6595d7 wp-block-columns-is-layout-flex\">\n<div class=\"wp-block-column is-layout-flow wp-block-column-is-layout-flow\" style=\"flex-basis:100%\">\n<figure class=\"wp-block-image size-large\"><img loading=\"lazy\" decoding=\"async\" width=\"724\" height=\"1024\" src=\"https:\/\/www.jpgs-schwarzenbach.de\/wp-content\/uploads\/2025\/12\/Urkunde-Aktion-Seepferdchen_23.10.2025-2-pdf-724x1024.jpg\" alt=\"\" class=\"wp-image-1277\"\/><\/figure>\n<\/div>\n<\/div>\n\n\n\n<p class=\"has-black-color has-pale-cyan-blue-background-color has-text-color has-background has-medium-font-size\"><strong>Projekt TROMMELZAUBER 26. bis 28. Mai 25<\/strong><\/p>\n\n\n\n<figure class=\"wp-block-image size-large\"><img loading=\"lazy\" decoding=\"async\" width=\"1024\" height=\"683\" src=\"https:\/\/www.jpgs-schwarzenbach.de\/wp-content\/uploads\/2025\/07\/IMG_4513-1024x683.jpg\" alt=\"\" class=\"wp-image-1191\" srcset=\"https:\/\/www.jpgs-schwarzenbach.de\/wp-content\/uploads\/2025\/07\/IMG_4513-1024x683.jpg 1024w, https:\/\/www.jpgs-schwarzenbach.de\/wp-content\/uploads\/2025\/07\/IMG_4513-300x200.jpg 300w, https:\/\/www.jpgs-schwarzenbach.de\/wp-content\/uploads\/2025\/07\/IMG_4513-768x512.jpg 768w, https:\/\/www.jpgs-schwarzenbach.de\/wp-content\/uploads\/2025\/07\/IMG_4513-1536x1024.jpg 1536w, https:\/\/www.jpgs-schwarzenbach.de\/wp-content\/uploads\/2025\/07\/IMG_4513-2048x1365.jpg 2048w, https:\/\/www.jpgs-schwarzenbach.de\/wp-content\/uploads\/2025\/07\/IMG_4513-405x270.jpg 405w\" sizes=\"auto, (max-width: 1024px) 100vw, 1024px\" \/><\/figure>\n\n\n\n<p class=\"has-black-color has-pale-cyan-blue-background-color has-text-color has-background has-medium-font-size\"><strong>Auftritt zum Festakt &#8222;30 Jahre Saaleradweg&#8220; am 09.06.24<\/strong><\/p>\n\n\n\n<figure class=\"wp-block-embed is-type-video is-provider-youtube wp-block-embed-youtube wp-embed-aspect-16-9 wp-has-aspect-ratio\"><div class=\"wp-block-embed__wrapper\">\n<iframe loading=\"lazy\" title=\"Saaleradweg Trommelgruppe 01\" width=\"640\" height=\"360\" src=\"https:\/\/www.youtube.com\/embed\/YU0xaL00PFg?feature=oembed\" frameborder=\"0\" allow=\"accelerometer; autoplay; clipboard-write; encrypted-media; gyroscope; picture-in-picture; web-share\" referrerpolicy=\"strict-origin-when-cross-origin\" allowfullscreen><\/iframe>\n<\/div><\/figure>\n\n\n\n<figure class=\"wp-block-embed is-type-video is-provider-youtube wp-block-embed-youtube wp-embed-aspect-16-9 wp-has-aspect-ratio\"><div class=\"wp-block-embed__wrapper\">\n<iframe loading=\"lazy\" title=\"Saaleradweg Trommelgruppe 02\" width=\"640\" height=\"360\" src=\"https:\/\/www.youtube.com\/embed\/l2h8UkSUAxo?feature=oembed\" frameborder=\"0\" allow=\"accelerometer; autoplay; clipboard-write; encrypted-media; gyroscope; picture-in-picture; web-share\" referrerpolicy=\"strict-origin-when-cross-origin\" allowfullscreen><\/iframe>\n<\/div><\/figure>\n\n\n\n<p class=\"has-black-color has-pale-cyan-blue-background-color has-text-color has-background has-medium-font-size\"><strong>Gesundes Fr\u00fchst\u00fcck am 22.03.24<\/strong><\/p>\n\n\n\n<figure class=\"wp-block-embed is-type-video is-provider-youtube wp-block-embed-youtube wp-embed-aspect-4-3 wp-has-aspect-ratio\"><div class=\"wp-block-embed__wrapper\">\n<iframe loading=\"lazy\" title=\"Gesundes Fr\u00fchst\u00fcck 22.03.2024\" width=\"640\" height=\"480\" src=\"https:\/\/www.youtube.com\/embed\/ms0ReTiNWUU?feature=oembed\" frameborder=\"0\" allow=\"accelerometer; autoplay; clipboard-write; encrypted-media; gyroscope; picture-in-picture; web-share\" referrerpolicy=\"strict-origin-when-cross-origin\" allowfullscreen><\/iframe>\n<\/div><\/figure>\n\n\n\n<p class=\"has-black-color has-pale-cyan-blue-background-color has-text-color has-background has-medium-font-size\"><strong>Gesundes Fr\u00fchst\u00fcck am 23.02.24<\/strong><\/p>\n\n\n\n<figure class=\"wp-block-embed is-type-video is-provider-youtube wp-block-embed-youtube wp-embed-aspect-16-9 wp-has-aspect-ratio\"><div class=\"wp-block-embed__wrapper\">\n<iframe loading=\"lazy\" title=\"Gesundes Fr\u00fchst\u00fcck 23.02.2024\" width=\"640\" height=\"360\" src=\"https:\/\/www.youtube.com\/embed\/oPCwQ1AO64s?feature=oembed\" frameborder=\"0\" allow=\"accelerometer; autoplay; clipboard-write; encrypted-media; gyroscope; picture-in-picture; web-share\" referrerpolicy=\"strict-origin-when-cross-origin\" allowfullscreen><\/iframe>\n<\/div><\/figure>\n\n\n\n<p class=\"has-black-color has-pale-cyan-blue-background-color has-text-color has-background has-medium-font-size\"><strong>Faschingsfeier am 09.02.24<\/strong><\/p>\n\n\n\n<figure class=\"wp-block-embed is-type-video is-provider-youtube wp-block-embed-youtube wp-embed-aspect-16-9 wp-has-aspect-ratio\"><div class=\"wp-block-embed__wrapper\">\n<iframe loading=\"lazy\" title=\"Fasching 09.02.2024\" width=\"640\" height=\"360\" src=\"https:\/\/www.youtube.com\/embed\/7sH18C1BXh4?feature=oembed\" frameborder=\"0\" allow=\"accelerometer; autoplay; clipboard-write; encrypted-media; gyroscope; picture-in-picture; web-share\" referrerpolicy=\"strict-origin-when-cross-origin\" allowfullscreen><\/iframe>\n<\/div><\/figure>\n\n\n\n<p class=\"has-black-color has-pale-cyan-blue-background-color has-text-color has-background has-medium-font-size\"><strong>Schwimmwoche 29.01. bis 02.02.24<\/strong><\/p>\n\n\n\n<figure class=\"wp-block-embed is-type-video is-provider-youtube wp-block-embed-youtube wp-embed-aspect-16-9 wp-has-aspect-ratio\"><div class=\"wp-block-embed__wrapper\">\n<iframe loading=\"lazy\" title=\"Schwimmwoche 02.02.2024\" width=\"640\" height=\"360\" src=\"https:\/\/www.youtube.com\/embed\/ZPVpb3PPPgc?feature=oembed\" frameborder=\"0\" allow=\"accelerometer; autoplay; clipboard-write; encrypted-media; gyroscope; picture-in-picture; web-share\" referrerpolicy=\"strict-origin-when-cross-origin\" allowfullscreen><\/iframe>\n<\/div><\/figure>\n\n\n\n<p><\/p>\n\n\n\n<p class=\"has-black-color has-pale-cyan-blue-background-color has-text-color has-background has-medium-font-size\"><strong>Gesundes Fr\u00fchst\u00fcck am 19.01.24<\/strong><\/p>\n\n\n\n<figure class=\"wp-block-embed is-type-video is-provider-youtube wp-block-embed-youtube wp-embed-aspect-16-9 wp-has-aspect-ratio\"><div class=\"wp-block-embed__wrapper\">\n<iframe loading=\"lazy\" title=\"Gesundes Fr\u00fchst\u00fcck 19.01.2024\" width=\"640\" height=\"360\" src=\"https:\/\/www.youtube.com\/embed\/iokVAsRxrK4?feature=oembed\" frameborder=\"0\" allow=\"accelerometer; autoplay; clipboard-write; encrypted-media; gyroscope; picture-in-picture; web-share\" referrerpolicy=\"strict-origin-when-cross-origin\" allowfullscreen><\/iframe>\n<\/div><\/figure>\n\n\n\n<p class=\"has-black-color has-pale-cyan-blue-background-color has-text-color has-background has-medium-font-size\"><strong>Gesundes Fr\u00fchst\u00fcck am 15.12.23<\/strong><\/p>\n\n\n\n<figure class=\"wp-block-embed is-type-video is-provider-youtube wp-block-embed-youtube wp-embed-aspect-16-9 wp-has-aspect-ratio\"><div class=\"wp-block-embed__wrapper\">\n<iframe loading=\"lazy\" title=\"Gesundes Fr\u00fchst\u00fcck 15.12.2023\" width=\"640\" height=\"360\" src=\"https:\/\/www.youtube.com\/embed\/y7LVQlD2XrE?feature=oembed\" frameborder=\"0\" allow=\"accelerometer; autoplay; clipboard-write; encrypted-media; gyroscope; picture-in-picture; web-share\" referrerpolicy=\"strict-origin-when-cross-origin\" allowfullscreen><\/iframe>\n<\/div><\/figure>\n\n\n\n<p><\/p>\n\n\n\n<p class=\"has-black-color has-pale-cyan-blue-background-color has-text-color has-background has-medium-font-size\"><strong>Vorlesetag und Gesundes Fr\u00fchst\u00fcck am 17.11.23<\/strong><\/p>\n\n\n\n<figure class=\"wp-block-embed is-type-video is-provider-youtube wp-block-embed-youtube wp-embed-aspect-16-9 wp-has-aspect-ratio\"><div class=\"wp-block-embed__wrapper\">\n<iframe loading=\"lazy\" title=\"Vorlesetag und Gesundes Fr\u00fchst\u00fcck 17.11.2023\" width=\"640\" height=\"360\" src=\"https:\/\/www.youtube.com\/embed\/RDkI47VYxGw?feature=oembed\" frameborder=\"0\" allow=\"accelerometer; autoplay; clipboard-write; encrypted-media; gyroscope; picture-in-picture; web-share\" referrerpolicy=\"strict-origin-when-cross-origin\" allowfullscreen><\/iframe>\n<\/div><\/figure>\n\n\n\n<p class=\"has-black-color has-pale-cyan-blue-background-color has-text-color has-background has-medium-font-size\"><strong>Projekt &#8222;Roller-Kids&#8220; 25. bis 29.09.23<\/strong><\/p>\n\n\n\n<figure class=\"wp-block-embed is-type-video is-provider-youtube wp-block-embed-youtube wp-embed-aspect-16-9 wp-has-aspect-ratio\"><div class=\"wp-block-embed__wrapper\">\n<iframe loading=\"lazy\" title=\"RollerKids 29.09.23\" width=\"640\" height=\"360\" src=\"https:\/\/www.youtube.com\/embed\/bSZd25CBprs?feature=oembed\" frameborder=\"0\" allow=\"accelerometer; autoplay; clipboard-write; encrypted-media; gyroscope; picture-in-picture; web-share\" referrerpolicy=\"strict-origin-when-cross-origin\" allowfullscreen><\/iframe>\n<\/div><\/figure>\n\n\n\n<p><\/p>\n","protected":false},"excerpt":{"rendered":"<p>Auszeichnung Projekt &#8222;Seepferdchen&#8220; der Metropolregion N\u00fcrnberg Projekt TROMMELZAUBER 26. bis 28. Mai 25 Auftritt zum Festakt &#8222;30 Jahre Saaleradweg&#8220; am 09.06.24 Gesundes Fr\u00fchst\u00fcck am 22.03.24 Gesundes Fr\u00fchst\u00fcck am 23.02.24 Faschingsfeier am 09.02.24 Schwimmwoche 29.01. bis 02.02.24 Gesundes Fr\u00fchst\u00fcck am 19.01.24 Gesundes Fr\u00fchst\u00fcck am 15.12.23 Vorlesetag und Gesundes Fr\u00fchst\u00fcck am 17.11.23 Projekt &#8222;Roller-Kids&#8220; 25. bis 29.09.23<\/p>\n","protected":false},"author":2,"featured_media":0,"parent":0,"menu_order":0,"comment_status":"closed","ping_status":"closed","template":"","meta":{"footnotes":""},"class_list":["post-304","page","type-page","status-publish","hentry"],"_links":{"self":[{"href":"https:\/\/www.jpgs-schwarzenbach.de\/index.php?rest_route=\/wp\/v2\/pages\/304","targetHints":{"allow":["GET"]}}],"collection":[{"href":"https:\/\/www.jpgs-schwarzenbach.de\/index.php?rest_route=\/wp\/v2\/pages"}],"about":[{"href":"https:\/\/www.jpgs-schwarzenbach.de\/index.php?rest_route=\/wp\/v2\/types\/page"}],"author":[{"embeddable":true,"href":"https:\/\/www.jpgs-schwarzenbach.de\/index.php?rest_route=\/wp\/v2\/users\/2"}],"replies":[{"embeddable":true,"href":"https:\/\/www.jpgs-schwarzenbach.de\/index.php?rest_route=%2Fwp%2Fv2%2Fcomments&post=304"}],"version-history":[{"count":31,"href":"https:\/\/www.jpgs-schwarzenbach.de\/index.php?rest_route=\/wp\/v2\/pages\/304\/revisions"}],"predecessor-version":[{"id":1278,"href":"https:\/\/www.jpgs-schwarzenbach.de\/index.php?rest_route=\/wp\/v2\/pages\/304\/revisions\/1278"}],"wp:attachment":[{"href":"https:\/\/www.jpgs-schwarzenbach.de\/index.php?rest_route=%2Fwp%2Fv2%2Fmedia&parent=304"}],"curies":[{"name":"wp","href":"https:\/\/api.w.org\/{rel}","templated":true}]}}